{"id":500,"date":"2019-10-14T10:58:02","date_gmt":"2019-10-14T08:58:02","guid":{"rendered":"http:\/\/www.northernbrewers.se\/?page_id=500"},"modified":"2024-10-16T16:00:15","modified_gmt":"2024-10-16T14:00:15","slug":"katol-julale","status":"publish","type":"page","link":"https:\/\/www.northernbrewers.se\/index.php\/katol-julale\/","title":{"rendered":"K\u00e5t\u00f6l Jullager"},"content":{"rendered":"<\/p>\n\n\n<figure class=\"wp-block-image alignleft size-large is-resized\"><img loading=\"lazy\" decoding=\"async\" width=\"402\" height=\"1030\" src=\"http:\/\/www.northernbrewers.se\/wp-content\/uploads\/2022\/11\/KJul_slider-402x1030.jpg\" alt=\"\" class=\"wp-image-1062\" style=\"width:auto;height:610px\" srcset=\"https:\/\/www.northernbrewers.se\/wp-content\/uploads\/2022\/11\/KJul_slider-402x1030.jpg 402w, https:\/\/www.northernbrewers.se\/wp-content\/uploads\/2022\/11\/KJul_slider-117x300.jpg 117w, https:\/\/www.northernbrewers.se\/wp-content\/uploads\/2022\/11\/KJul_slider-768x1970.jpg 768w, https:\/\/www.northernbrewers.se\/wp-content\/uploads\/2022\/11\/KJul_slider-600x1539.jpg 600w, https:\/\/www.northernbrewers.se\/wp-content\/uploads\/2022\/11\/KJul_slider-599x1536.jpg 599w, https:\/\/www.northernbrewers.se\/wp-content\/uploads\/2022\/11\/KJul_slider-585x1500.jpg 585w, https:\/\/www.northernbrewers.se\/wp-content\/uploads\/2022\/11\/KJul_slider-275x705.jpg 275w, https:\/\/www.northernbrewers.se\/wp-content\/uploads\/2022\/11\/KJul_slider.jpg 783w\" sizes=\"(max-width: 402px) 100vw, 402px\" \/><\/figure>\n\n\n<p>En mustig modern jul\u00f6l, en m\u00f6rk lager som bryggs med \u00e4kta Norrl\u00e4ndsk k\u00e4rlek! Smaken passar v\u00e4l in till julens smaker och upplevelser med sin mustiga men \u00e4nd\u00e5 friska karakt\u00e4r.\u2028Nya tidens jul\u00f6l med inspiration fr\u00e5n Lappland.<\/p>\n<p><strong><em>Svensk stark\u00f6l<\/em><\/strong><br \/><em>4,8 % volym<\/em><\/p>\n<p><strong><em>Ingredienser<\/em><\/strong><br \/><em>Vatten, kornmalt, humle och j\u00e4st.<\/em><br \/><em>\u00a0<\/em><br \/><strong><em>F\u00f6rvaring<\/em><\/strong><br \/><em>B\u00f6r f\u00f6rvaras m\u00f6rkt och svalt.<\/em><br \/><strong><em>\u00a0<\/em><\/strong><br \/><strong><em>Passar bra till<\/em><\/strong><br \/>Julmat och annan mat.<\/p>\n<p><img loading=\"lazy\" decoding=\"async\" class=\"wp-image-472 alignleft\" src=\"http:\/\/www.northernbrewers.se\/wp-content\/uploads\/2019\/03\/Ska\u0308rmavbild-2019-06-26-kl.-16.38.53.png\" alt=\"\" width=\"60\" height=\"38\" \/><br \/>Systembolaget artikel <a href=\"https:\/\/www.systembolaget.se\/produkt\/ol\/norrlandsbryggarna-3294703\/\" target=\"_blank\" rel=\"noopener\">32947<\/a><\/p>\n\n\n<p><\/p>\n","protected":false},"excerpt":{"rendered":"<p>En mustig modern jul\u00f6l, en m\u00f6rk lager som bryggs med \u00e4kta Norrl\u00e4ndsk k\u00e4rlek! Smaken passar v\u00e4l in till julens smaker och upplevelser med sin mustiga men \u00e4nd\u00e5 friska karakt\u00e4r.\u2028Nya tidens jul\u00f6l med inspiration fr\u00e5n Lappland. Svensk stark\u00f6l4,8 % volym IngredienserVatten, kornmalt, humle och j\u00e4st.\u00a0F\u00f6rvaringB\u00f6r f\u00f6rvaras m\u00f6rkt och svalt.\u00a0Passar bra tillJulmat och annan mat. Systembolaget artikel [&hellip;]<\/p>\n","protected":false},"author":1,"featured_media":0,"parent":0,"menu_order":0,"comment_status":"closed","ping_status":"closed","template":"","meta":{"footnotes":""},"class_list":["post-500","page","type-page","status-publish","hentry"],"_links":{"self":[{"href":"https:\/\/www.northernbrewers.se\/index.php\/wp-json\/wp\/v2\/pages\/500"}],"collection":[{"href":"https:\/\/www.northernbrewers.se\/index.php\/wp-json\/wp\/v2\/pages"}],"about":[{"href":"https:\/\/www.northernbrewers.se\/index.php\/wp-json\/wp\/v2\/types\/page"}],"author":[{"embeddable":true,"href":"https:\/\/www.northernbrewers.se\/index.php\/wp-json\/wp\/v2\/users\/1"}],"replies":[{"embeddable":true,"href":"https:\/\/www.northernbrewers.se\/index.php\/wp-json\/wp\/v2\/comments?post=500"}],"version-history":[{"count":15,"href":"https:\/\/www.northernbrewers.se\/index.php\/wp-json\/wp\/v2\/pages\/500\/revisions"}],"predecessor-version":[{"id":1780,"href":"https:\/\/www.northernbrewers.se\/index.php\/wp-json\/wp\/v2\/pages\/500\/revisions\/1780"}],"wp:attachment":[{"href":"https:\/\/www.northernbrewers.se\/index.php\/wp-json\/wp\/v2\/media?parent=500"}],"curies":[{"name":"wp","href":"https:\/\/api.w.org\/{rel}","templated":true}]}}