{"id":196,"date":"2017-11-22T09:04:56","date_gmt":"2017-11-22T08:04:56","guid":{"rendered":"http:\/\/www.northernbrewers.se\/?page_id=196"},"modified":"2024-10-17T11:43:23","modified_gmt":"2024-10-17T09:43:23","slug":"nyhetsbrev","status":"publish","type":"page","link":"https:\/\/www.northernbrewers.se\/index.php\/nyhetsbrev\/","title":{"rendered":"Nyhetsbrev"},"content":{"rendered":"<p>Vi skickar oregelbundet ut ett litet nyhetsbrev som ber\u00e4ttar om vad vi pysslar med.<br \/>Anm\u00e4l dig h\u00e4r s\u00e5 f\u00e5r du ta del av v\u00e5ra g\u00f6randen.<\/p>\n<p><strong>Ajajaj<\/strong><br \/><strong>V\u00e5r Nyhetsbrevsfunktion har beslutat sig f\u00f6r att bomba s\u00e5 den \u00e4r ur funktion just nu.<\/strong><\/p>\n\n\n<p><\/p>\n","protected":false},"excerpt":{"rendered":"<p>Vi skickar oregelbundet ut ett litet nyhetsbrev som ber\u00e4ttar om vad vi pysslar med.Anm\u00e4l dig h\u00e4r s\u00e5 f\u00e5r du ta del av v\u00e5ra g\u00f6randen. AjajajV\u00e5r Nyhetsbrevsfunktion har beslutat sig f\u00f6r att bomba s\u00e5 den \u00e4r ur funktion just nu.<\/p>\n","protected":false},"author":1,"featured_media":0,"parent":0,"menu_order":0,"comment_status":"closed","ping_status":"closed","template":"","meta":{"footnotes":""},"class_list":["post-196","page","type-page","status-publish","hentry"],"_links":{"self":[{"href":"https:\/\/www.northernbrewers.se\/index.php\/wp-json\/wp\/v2\/pages\/196"}],"collection":[{"href":"https:\/\/www.northernbrewers.se\/index.php\/wp-json\/wp\/v2\/pages"}],"about":[{"href":"https:\/\/www.northernbrewers.se\/index.php\/wp-json\/wp\/v2\/types\/page"}],"author":[{"embeddable":true,"href":"https:\/\/www.northernbrewers.se\/index.php\/wp-json\/wp\/v2\/users\/1"}],"replies":[{"embeddable":true,"href":"https:\/\/www.northernbrewers.se\/index.php\/wp-json\/wp\/v2\/comments?post=196"}],"version-history":[{"count":12,"href":"https:\/\/www.northernbrewers.se\/index.php\/wp-json\/wp\/v2\/pages\/196\/revisions"}],"predecessor-version":[{"id":1807,"href":"https:\/\/www.northernbrewers.se\/index.php\/wp-json\/wp\/v2\/pages\/196\/revisions\/1807"}],"wp:attachment":[{"href":"https:\/\/www.northernbrewers.se\/index.php\/wp-json\/wp\/v2\/media?parent=196"}],"curies":[{"name":"wp","href":"https:\/\/api.w.org\/{rel}","templated":true}]}}